) - 4/k. Suppose p - 77 - a = 0. Calculate the greatest common divisor of p and 66.
33
Let i(p) = 56*p + 1867. Let j be i(-32). What is the highest common factor of 2575 and j?
25
Suppose 3*i = 3*h, 4*i + 0*i - h = 12. Suppose -i*z = 3*z - 210. Let p be 0 + 1 - -2*7. What is the greatest common factor of p and z?
15
Let u = 55 + -52. Suppose u*n - 30 = n. Suppose 0 = -15*v + 13*v + 240. Calculate the greatest common divisor of n and v.
15
Let r be (-1 - (-8)/6)*18. Let w be (3 - -1) + 828/207. Calculate the highest common factor of r and w.
2
Let p be 60/(-810) + (319700/54)/5. What is the highest common divisor of p and 288?
32
Let z be (-38)/((-1900)/75) - (-2809)/(-4)*-2. What is the highest common factor of 296 and z?
74
Suppose 9*z - 5*z - 28 = -4*w, -3*z + 5 = -w. Suppose 33 = z*g + 2*x, -2 = g - x - 8. What is the highest common factor of g and 13?
1
Let p(s) = -s**3 - 9*s**2 - 17*s + 7. Let x be p(-10). Suppose 3*h - x = -61. What is the highest common divisor of 9 and h?
9
Let i be (55/5 - 0) + 3. Suppose i*w - 172 = 122. Let h = w + 18. Calculate the greatest common factor of 78 and h.
39
Suppose 2*x = -2*y + 8, -7*x + 4 = 3*y - 12*x. Let n be 0 + -3 + y + 55. Calculate the highest common divisor of 77 and n.
11
Suppose 1778*z = 1779*z - 21. What is the greatest common factor of z and 3801?
21
Suppose -r + 0 = -20. Suppose -6 = -122*h + 2434. Calculate the highest common divisor of r and h.
20
Let b(f) = 127*f**3 - f**2 - 58*f + 302. Let m be b(6). What is the highest common divisor of m and 50?
50
Suppose -4*i + 5*y = -15, 4*i + 23 - 8 = -5*y. Suppose 83*q - 113*q + 180 = i. Let s = -134 - -188. What is the highest common divisor of q and s?
6
Let m(d) = -d**3 + 12*d**2 - 9*d - 25. Let a be m(11). Let x be 1/(3486/1161 + a). What is the greatest common divisor of x and 86?
43
Let c = -10470 + 10695. Calculate the highest common factor of c and 300.
75
Let w be (21/4)/(3/24). Suppose 24*n - 71*n + 9842 - 959 = 0. What is the highest common factor of w and n?
21
Suppose -164*a + 1919 = -1525. Calculate the highest common factor of a and 33.
3
Suppose -165064 = -158*h - 26972. Calculate the greatest common divisor of h and 138.
46
Let q be (-10)/(-2) - (-1 - -3). Let o(m) = 4*m**3 + 47*m**2 + 31*m + 26. Let g be o(-11). Calculate the greatest common factor of q and g.
3
Let n = 1854 + -1826. Let m(x) = -x**3 + 3*x**2 + 11*x + 2. Let a be m(-5). Let c = 105 + a. Calculate the greatest common factor of c and n.
28
Suppose -84 + 9 = 5*c. Let y be c/45 - (-578)/6. What is the greatest common divisor of 12 and y?
12
Let a be (-5)/10 + 108/8. Let o be 3/2 + a/26. Suppose 6 = o*k, -2*w - 3*w + 3*k = -486. Calculate the highest common factor of w and 9.
9
Let u be (-116)/(-10) - 6/(-15). Suppose -464 = -8*g + 5*v, -5*g = 162*v - 166*v - 276. What is the greatest common factor of g and u?
4
Suppose 26*o = 135 + 21. Let h be (-452)/(-2)*1 + o/(-1). What is the highest common divisor of h and 88?
44
Let z be 2202/15 + 2/10. Suppose 394*c + 466*c + 9429 = 4003*c. Calculate the highest common factor of c and z.
3
Let z = 54499 + -54465. Suppose 0 = 2*l - w + 4 - 21, -5*l = -5*w - 55. Calculate the highest common divisor of l and z.
2
Let g(o) = o**3 + 25*o**2 - 35*o - 24. Let j be g(-26). Let v be (j + (0 - 0))*(-30)/(-45). What is the highest common divisor of 28 and v?
28
Let v = 13 - 8. Suppose -4*n - 176 = -v*n. Suppose -49 + 10 = -r - 5*o, -4*r + 3*o + 179 = 0. Calculate the highest common divisor of n and r.
44
Suppose -214 + 184 = -10*z. Suppose -2*i = -z*t - 21, 2*i - 7*i + 80 = -2*t. Calculate the greatest common factor of i and 1080.
18
Let c be (-6)/10 + (-2000442)/(-370). Let w be (2/(-5))/(6 - c/900). Calculate the highest common factor of w and 24.
12
Let x = 190 + -166. Suppose 2*s - x = -3*c - s, -3*c + 40 = -5*s. Let l be ((-45)/6)/(6/(-8)). Calculate the highest common divisor of c and l.
10
Suppose 14*a + 52 = a. Let p be -4 - (-4 + (-12)/a) - -5. Let v be p/(5/(-30) + 28/120). What is the greatest common factor of 135 and v?
15
Suppose 0 = 4*y - 0*y + 16. Let t be (-65)/(-25) - y/10. Suppose -2*o = -q + 10, 6 = 3*q - t*o - 36. Calculate the highest common divisor of q and 2.
2
Suppose -23*t + 20*t + x + 100 = 0, 0 = -5*x + 25. What is the greatest common factor of t and 335?
5
Suppose -2*a = y - 2086, -3*a + 672 = 2*y - 3505. Calculate the highest common factor of 393 and y.
131
Let v(n) = -2*n**3 - 6*n**2 - 5*n - 5. Let h be v(-5). Let u = h - 72. What is the greatest common divisor of 32 and u?
16
Let s = 8 - 5. Suppose s*f = f + 44. Suppose -8*m + 347 = -357. What is the greatest common factor of m and f?
22
Let t = 129 + -125. Suppose 1029 = t*d + 5*p, 3*p + 286 = d + 33. What is the highest common factor of d and 8?
8
Let h(q) = -q**2 + 10*q + 51. Suppose -3*u - 23 + 62 = 0. Let l be h(u). Let o = 31 - 19. Calculate the greatest common divisor of l and o.
12
Let h(x) = -53*x - 29. Let y(r) = 158*r + 88. Let j(w) = 16*h(w) + 5*y(w). Let g be j(-4). Calculate the greatest common divisor of g and 16.
16
Let w(t) = -t**2 - 8*t + 31. Let l be w(-10). Let g(x) = -8*x + 105. Let a be g(9). Calculate the greatest common factor of a and l.
11
Let o = -91 + 135. Let f be (-1 + 0)*(18 + 15/(-5)). Let p = f - -59. What is the greatest common divisor of o and p?
44
Suppose 16 = 6*l - 8. Suppose 0 = -3*i - t + 6*t + 305, l*i = 5*t + 405. What is the greatest common divisor of i and 60?
20
Suppose -4*g + 2*c = 42 - 12, -3*g - 4*c = 6. Let w(z) = -10*z - 24. Let d be w(g). What is the highest common divisor of d and 18?
18
Let y(l) = -l + 7. Let x be y(-3). Suppose -8 = -13*o + 44. Let m be (5 + 72 - 3) + (o - 8). What is the highest common divisor of x and m?
10
Suppose -2*g = 2*n - 53 + 5, -3*n = -3*g + 48. Let m = 216 + -67. Let c = m - 49. What is the highest common factor of g and c?
20
Suppose -9*k - w + 9977 = -2*k, -w = 3*k - 4277. Calculate the highest common divisor of 600 and k.
75
Suppose -9*v + 13*v + 8 = r, 4*v + 16 = 3*r. Suppose 4*l - 1280 = -r*l. Calculate the greatest common factor of 10 and l.
10
Let x = 134 + -130. Suppose 5*l - 96 = -2*q, -4*q - 88 = -0*l - x*l. Let j = 11 - 1. What is the greatest common factor of l and j?
10
Suppose 2*j + c - 4 = 3, 3*c = 3. Suppose j*r - 12*r = -3456. What is the highest common divisor of 12 and r?
12
Let k be (-6 + 8)*(-1)/(-1). Let v be (-12 + k)*-4*(-42)/(-16). Let l = -41 - -76. Calculate the greatest common divisor of l and v.
35
Let m = -26 + 91. Let b be ((-378)/36 - -9)/((-1)/52). Calculate the highest common divisor of m and b.
13
Let o(l) = -3*l + 72. Let n be o(24). Suppose -4*s - 581 = -3*k - 0*s, -5*k + 5*s + 960 = n. What is the greatest common factor of 17 and k?
17
Let d = -5776 - -6226. What is the highest common divisor of d and 18?
18
Let n be (-78)/(-22) + 300/(-550) + 10. Calculate the highest common divisor of n and 2899.
13
Let y(p) = -31*p - 129. Let n = 423 - 428. Let i be y(n). Calculate the greatest common divisor of i and 247.
13
Suppose -6*m - 21*m + 82840 = -7*m. Calculate the highest common divisor of 872 and m.
218
Suppose 3*b - 2*h - 71448 = 0, 38*h - 23850 = -b + 33*h. What is the greatest common divisor of b and 30?
30
Let k(y) = 14*y**2 - 27*y + 1. Let o be k(4). Suppose m + 38 - o = -4*t, -2*t = -3*m + 279. Calculate the greatest common factor of 52 and m.
13
Let n(a) = -18*a + 46*a - 27*a + 30. Let c be n(-12). Calculate the highest common factor of 63 and c.
9
Let p(f) = 16*f - 59. Let m be p(5). Let a(h) = h**2 + 4*h - 1. Let c be a(-3). Let r = 10 - c. What is the highest common factor of m and r?
7
Suppose 2*i = -v - 13, v - 3*v + i - 6 = 0. Let f(t) = -t**2 - 12*t - 23. Let c be f(v). Calculate the greatest common divisor of c and 4.
4
Suppose -24*s = 595666 - 2114002. Let a be s/168 + 6/14. What is the highest common divisor of a and 26?
13
Let f(m) = -415*m + 439. Let z be f(1). What is the highest common factor of 111 and z?
3
Suppose 6*j - 38*j = -1091616. Calculate the greatest common divisor of 249 and j.
249
Let i be 889 + (11 - -1)/(-4). Suppose -2*y + 136 + i = 0. Suppose 1456 = 9*w + y. What is the greatest common divisor of w and 42?
21
Let h be (-9)/(-42) - 956241/(-462). What is the highest common factor of 450 and h?
90
L